digit of y(a)?
9
Suppose 3*t - 840 = 1440. Suppose 4010 = 10*i + t. What is the hundreds digit of i?
3
Let t be 2 - (2 + (3 - 3)). Suppose -4*l - n - 6 = -t, 5*l - 4*n - 3 = 0. What is the units digit of (11 - 7) + (-1 - l)?
4
Let r(j) = -j + 20. Let h be r(17). Suppose 7 - 19 = -h*v. What is the units digit of 1*v - (-59 - 8)?
1
Let q(w) = 32*w**2 + 26*w + 29. Let k be q(19). Suppose 3735 = 15*j - k. What is the tens digit of j?
5
Suppose y + 4*y = 5*x + 15, 5*y = 5. Let s be (-24)/9*51/(-4). Let p = s - x. What is the tens digit of p?
3
Suppose -74 = -2*w - 6*p + 7*p, p = -2*w + 70. Let l = 145 - w. Suppose -3*i + 343 = l. What is the units digit of i?
8
Let t(r) = 4*r**3 + 11*r**2 + 6*r + 8. Let k(o) = o**3 + o**2 + o + 1. Let c(s) = 5*k(s) - t(s). What is the hundreds digit of c(8)?
1
Let b(c) = -c**3 - 31*c**2 - 171*c - 103. What is the hundreds digit of b(-26)?
9
Suppose 0 = -3*y + 5*a + 47749, -739*a = 5*y - 736*a - 79661. What is the hundreds digit of y?
9
Let l(m) = -4*m + 54. Let i be l(13). Suppose -7*r - 781 = -10*r - i*b, 4*b = 4*r - 1068. What is the hundreds digit of r?
2
Suppose -140 = -7*k + 2*k. Suppose 0 = -8*c + 12 - k. What is the tens digit of 0 + (-6)/c - -22?
2
Let b(r) be the third derivative of 1/20*r**5 + 0 - 5/2*r**3 - 1/3*r**4 + 0*r + 7*r**2. What is the units digit of b(-6)?
1
What is the hundreds digit of (18/(-42)*(-14)/(-4))/(2/(-21768))?
3
Suppose -3*t + 7589 = c + 1582, -3*c + 2*t = -17944. What is the thousands digit of c?
5
What is the units digit of 0 + (-1456)/168 + 2/(-6) + 58849?
0
Let l = -24 + 35. Suppose -l = -w - 9. Suppose 2 - 26 = -w*u. What is the tens digit of u?
1
Let y(z) = z**2 + 19*z + 9. Let g be y(-19). Suppose -5*n = -74 + g. Suppose n = b + 4*b - w, 4*b - 4 = 4*w. What is the units digit of b?
3
Suppose -4*c + 5*g + 3 = 0, 0 = -3*g - 0*g + 3. Suppose -3*y + 107 = 5*b - 17, 5*y - c*b - 155 = 0. What is the units digit of y?
3
Let d(u) be the first derivative of 5*u**3/3 + 13*u**2/2 + 12*u - 26. What is the hundreds digit of d(6)?
2
Let v(t) = 28953*t - 328. What is the units digit of v(1)?
5
What is the thousands digit of ((-108)/15)/(34/(-8585)) - -7?
1
Let p(y) = 5*y**2 + 11*y + 3. Let m(h) = -h**2 + 12*h + 6. Let o be m(-3). Let l = 31 + o. What is the units digit of p(l)?
5
Let b(r) = 1761*r**2 - 10*r - 12. What is the units digit of b(-2)?
2
Suppose -1542 = -4*y - 1374. What is the hundreds digit of 15342/14 + 6/y?
0
Let n be (-10302)/4*-6*10/(-9). Let p be n/68 - (-2)/(-4)*1. Let y = -54 - p. What is the units digit of y?
9
Suppose -268*d = -34231516 + 12712456. What is the thousands digit of d?
0
Let f(c) = -4*c + 4. Let q be f(7). Let l be 56 - 11/((-66)/q). Let x = -16 + l. What is the tens digit of x?
3
What is the thousands digit of (-132296)/(-12)*(-150)/(-100)?
6
What is the thousands digit of 7*((-4)/63 - (-64)/(-288)) - -7928?
7
Let a be (6 + (3 - 6))*(2 - 1). Let q be (3/a)/(5/4 + -1). What is the units digit of (((-16)/q)/(-4))/(2/78)?
9
Suppose 0*f - 271788 = -22*f. What is the tens digit of f?
5
Suppose 227*n = 231*n - 28. Let j(k) = -16*k**2 + 38*k - 19. Let u(h) = 5*h**2 - 13*h + 6. Let r(x) = 2*j(x) + 7*u(x). What is the units digit of r(n)?
6
What is the thousands digit of (15 - (29/87 - 40/(-6))) + 40429?
0
What is the hundreds digit of 13132/670*(0 - -30)/2?
2
Suppose 3*k - 136 = 119. Let m = 89 - k. Suppose 0 = 3*c + 15, -410 = 3*b - 8*b + m*c. What is the tens digit of b?
7
Let i(d) = 144 + d - 8*d + 4*d - 73. What is the tens digit of i(-32)?
6
What is the tens digit of -6 + ((-124935)/(-21) - 2/7) + -1?
4
Let s(k) = -5*k**3 - 15*k**2 + 16*k - 182. What is the tens digit of s(-16)?
0
What is the hundreds digit of (6 - (-9 + 11))*(-4734)/(-2)?
4
Let b = 217 - 212. Suppose 2*s + 286 = b*o - o, -2*s - 140 = -2*o. What is the units digit of o?
3
Suppose -4*j + 0*j + 4*a = -16, -2*j + 20 = -5*a. Suppose 3*k + 5*k - 32 = j. Suppose h + 22 = k*n + 4*h, 4*n - 2*h - 12 = 0. What is the units digit of n?
4
What is the thousands digit of (((-8)/10)/(35/4025))/((-3)/129)?
3
Let s(n) = 1546*n - 7898. What is the ten thousands digit of s(45)?
6
Let n(l) = 61*l**2 - 300*l - 190. What is the thousands digit of n(-31)?
7
What is the units digit of 66/77*29981/3?
6
Let z = -1871 - -2901. Let t(m) = -9*m**3 + 45*m**2 - 11*m + 31. Let c be t(4). Suppose -z = c*q - 136*q. What is the tens digit of q?
0
Let y(v) = -v**3 - 21*v**2 - 23*v - 60. Let b be y(-20). Suppose 4*z + 3*u = -b*u + 3827, 4*z + 5*u - 3821 = 0. What is the hundreds digit of z?
9
What is the thousands digit of 12/9*4116609/138?
9
Let m(l) = -l**3 + 3*l**2 + 13*l - 19. Let g be m(5). What is the units digit of 74 - g/((-20)/25)?
9
Let d be 12/(-18) - 2/6 - -146. Suppose -11*a + 537 = -d. Let j = a + -1. What is the tens digit of j?
6
Let i(g) = -g**3 + 24*g**2 + 6*g - 461. What is the units digit of i(19)?
8
Suppose 0 = 3*f + 9 - 9. What is the units digit of f + 20/5 + 5?
9
What is the thousands digit of (126/49)/((-24)/(-18256))?
1
Let f = 50 - 38. Let u(x) = 9*x - 7 - 22*x + 2*x**2 + f*x + 2. What is the units digit of u(-5)?
0
Let z(f) be the third derivative of 0 + 2/15*f**5 + 1/6*f**3 - 6*f**2 - 1/4*f**4 + 0*f + 1/120*f**6. What is the units digit of z(-8)?
9
Suppose 190*c - 226*c = -1956708. What is the thousands digit of c?
4
Suppose 0 = 6*p + 18 - 54. Suppose j - i - 20 = 0, 4*j - 3*i - 45 = -p*i. What is the tens digit of (37 + 2)/(j/10)?
2
Let n(z) = -32*z - 21. Let v be n(-3). Let q = 290 + v. What is the units digit of q?
5
Let w(r) = r**3 + 25*r**2 - 43*r - 29. Let g be w(-26). What is the thousands digit of (-236)/g + (-8887)/(-7)?
1
Suppose 2*t - 16546 - 899 = -3*a, -58086 = -10*a + 4*t. What is the hundreds digit of a?
8
Suppose -901 + 5725 = 3*h. Suppose 7*o = 13*o - h. Suppose 0 = 2*u + 10, o = -0*a + 2*a - 2*u. What is the units digit of a?
9
Let c = 992 + -443. Suppose -4*g + c = 4*b - g, 0 = 2*g + 2. Suppose b = 3*d - 162. What is the hundreds digit of d?
1
Suppose -13*w = -12*w - 1, -32181 = -4*t + 3*w. What is the units digit of t?
6
Suppose 3*i + i - 14*i = -15590. What is the hundreds digit of i?
5
Suppose 4*m - 5*p = 49531, 175*m - 173*m + 3*p = 24749. What is the thousands digit of m?
2
Let u(s) = 93*s**2 - 47*s - 131. What is the thousands digit of u(-6)?
3
Suppose -49 = -3*b + 2*h, -3*b - 6*h + 4*h + 41 = 0. Suppose 126 = -b*x + 18*x. What is the tens digit of x?
4
Let a(n) = n**2 - 5*n - 35. Let w be a(9). What is the tens digit of 12*(0 + w) - (-4 - -1)?
1
Let i = -91 - -75. Let t = i + 7. Let b(k) = -10*k - 17. What is the tens digit of b(t)?
7
Let v(m) = -m**3 - 31*m**2 + 32*m + 6. Let t be v(-32). Suppose -2*n + 296 = t*n. What is the tens digit of n?
3
Let q = -30584 + 52990. What is the hundreds digit of q?
4
Let w be -3*-4*-8*(-4)/24. Suppose -w = -5*d - 2*h, -5*d + 5 + 20 = 5*h. What is the units digit of ((-45)/6)/(6/(-8)) - d?
8
Let u(p) = -p**2 + 1. Let s(j) = -4*j**2 - 17*j - 6. Let k(y) = s(y) - 5*u(y). Let f be k(18). Suppose f*i - 670 = 2*i. What is the units digit of i?
4
What is the hundreds digit of ((-216)/(-40))/(12/60920)?
4
Suppose -2*u = 8, 6*y - 16 = 4*y + 2*u. Suppose -5*i + 3*t = -1870 - 371, y*i - 5*t = 1785. What is the hundreds digit of i?
4
Suppose 748*u = 744*u + 41152. What is the thousands digit of u?
0
Suppose -2*n + 15*j - 16*j + 9385 = 0, 14071 = 3*n - 5*j. Suppose -43*d = -31*d - n. What is the hundreds digit of d?
3
Let c(j) = j**3 - 11*j**2 + 5*j + 19. Let f be c(13). Suppose -258 = -3*s + 3*a, 0*s - 5*s + f = -a. Suppose 2*u + 5*u = s. What is the units digit of u?
2
Let s(c) = -2*c + 825. Let x be s(0). Suppose -12*y - x = -15*y. What is the hundreds digit of y?
2
Suppose -4*u + 2*h + 16 + 2 = 0, 0 = -u - 3*h + 8. Suppose 3*l - 3*d - 39 = 0, l - 54 = -3*l + u*d. What is the units digit of 44/7 - l/((-308)/(-8))?
6
Suppose 1075508 = 28*j - 187062 + 116530. What is the units digit of j?
0
Suppose -32 = 4*c, -2976*c = -2*n - 2980*c + 75004. What is the units digit of n?
8
Let l(m) = 2743*m**2 + 99*m - 294. What is the hundreds digit of l(3)?
6
Suppose -10*q = -51 + 51. Suppose -b + 467 + 177 = q. What is the tens digit of b?
4
Let k(l) = 1. Let j(w) = 5*w - 13. Let q(x) = -j(x) - k(x). Let b be q(2). Suppose -2*d - b*f + 78 = f, 0 = -5*f + 10.